{"id":1815,"date":"2020-04-21T12:41:51","date_gmt":"2020-04-21T10:41:51","guid":{"rendered":"https:\/\/www.fsdgth.com\/portfolio\/qualif-and-our-holidaymakers\/"},"modified":"2020-04-21T12:41:51","modified_gmt":"2020-04-21T10:41:51","slug":"qualif-and-our-holidaymakers","status":"publish","type":"portfolio","link":"https:\/\/www.fermedupoitou.fr\/en\/portfolio\/qualif-and-our-holidaymakers\/","title":{"rendered":"Qualif and our holidaymakers"},"content":{"rendered":"<p>Our vacationers&#8217; farm stay ends our vacationers say goodbye to Qualif (our stallion)<br \/>\n(Photo taken in October)<\/p>\n<div class=\"gsp_post_data\" \r\n\t            data-post_type=\"portfolio\" \r\n\t            data-cat=\"\" \r\n\t            data-modified=\"120\"\r\n\t            data-created=\"1587472911\"\r\n\t            data-title=\"Qualif and our holidaymakers\" \r\n\t            data-home=\"https:\/\/www.fermedupoitou.fr\/en\/\"><\/div>","protected":false},"excerpt":{"rendered":"<p>Our vacationers&#8217; farm stay ends our vacationers say goodbye to Qualif (our stallion) (Photo taken in October)<\/p>\n","protected":false},"author":1,"featured_media":1575,"comment_status":"closed","ping_status":"closed","template":"","portfolio-category":[26,28],"class_list":["post-1815","portfolio","type-portfolio","status-publish","has-post-thumbnail","hentry","portfolio-category-donkeys","portfolio-category-hugs"],"yoast_head":"<!-- This site is optimized with the Yoast SEO plugin v27.4 - https:\/\/yoast.com\/product\/yoast-seo-wordpress\/ -->\n<title>Qualif and our holidaymakers to Ferme du Champ du Parc at Cr\u00e9zi\u00e8res<\/title>\n<meta name=\"description\" content=\", photo taken at Ferme du Champ du Parc - Farm cottage in Deux-S\u00e8vres in Cr\u00e9zi\u00e8res - Ch\u00e8vrerie - Asinerie de Ouismes\" \/>\n<meta name=\"robots\" content=\"noindex, follow\" \/>\n<meta name=\"twitter:card\" content=\"summary_large_image\" \/>\n<meta name=\"twitter:title\" content=\"Qualif and our holidaymakers to Ferme du Champ du Parc at Cr\u00e9zi\u00e8res\" \/>\n<meta name=\"twitter:description\" content=\", photo taken at Ferme du Champ du Parc - Farm cottage in Deux-S\u00e8vres in Cr\u00e9zi\u00e8res - Ch\u00e8vrerie - Asinerie de Ouismes\" \/>\n<meta name=\"twitter:image\" content=\"https:\/\/www.fermedupoitou.fr\/wp-content\/uploads\/2020\/03\/13029692_486071428252404_6481285805436242297_o.jpg\" \/>\n<script type=\"application\/ld+json\" class=\"yoast-schema-graph\">{\"@context\":\"https:\\\/\\\/schema.org\",\"@graph\":[{\"@type\":\"WebPage\",\"@id\":\"https:\\\/\\\/www.fermedupoitou.fr\\\/en\\\/portfolio\\\/qualif-and-our-holidaymakers\\\/\",\"url\":\"https:\\\/\\\/www.fermedupoitou.fr\\\/en\\\/portfolio\\\/qualif-and-our-holidaymakers\\\/\",\"name\":\"Qualif and our holidaymakers to Ferme du Champ du Parc at Cr\u00e9zi\u00e8res\",\"isPartOf\":{\"@id\":\"https:\\\/\\\/www.fermedupoitou.fr\\\/en\\\/#website\"},\"primaryImageOfPage\":{\"@id\":\"https:\\\/\\\/www.fermedupoitou.fr\\\/en\\\/portfolio\\\/qualif-and-our-holidaymakers\\\/#primaryimage\"},\"image\":{\"@id\":\"https:\\\/\\\/www.fermedupoitou.fr\\\/en\\\/portfolio\\\/qualif-and-our-holidaymakers\\\/#primaryimage\"},\"thumbnailUrl\":\"https:\\\/\\\/www.fermedupoitou.fr\\\/wp-content\\\/uploads\\\/2020\\\/03\\\/13029692_486071428252404_6481285805436242297_o.jpg\",\"datePublished\":\"2020-04-21T10:41:51+00:00\",\"description\":\", photo taken at Ferme du Champ du Parc - Farm cottage in Deux-S\u00e8vres in Cr\u00e9zi\u00e8res - Ch\u00e8vrerie - Asinerie de Ouismes\",\"breadcrumb\":{\"@id\":\"https:\\\/\\\/www.fermedupoitou.fr\\\/en\\\/portfolio\\\/qualif-and-our-holidaymakers\\\/#breadcrumb\"},\"inLanguage\":\"en-US\",\"potentialAction\":[{\"@type\":\"ReadAction\",\"target\":[\"https:\\\/\\\/www.fermedupoitou.fr\\\/en\\\/portfolio\\\/qualif-and-our-holidaymakers\\\/\"]}]},{\"@type\":\"ImageObject\",\"inLanguage\":\"en-US\",\"@id\":\"https:\\\/\\\/www.fermedupoitou.fr\\\/en\\\/portfolio\\\/qualif-and-our-holidaymakers\\\/#primaryimage\",\"url\":\"https:\\\/\\\/www.fermedupoitou.fr\\\/wp-content\\\/uploads\\\/2020\\\/03\\\/13029692_486071428252404_6481285805436242297_o.jpg\",\"contentUrl\":\"https:\\\/\\\/www.fermedupoitou.fr\\\/wp-content\\\/uploads\\\/2020\\\/03\\\/13029692_486071428252404_6481285805436242297_o.jpg\",\"width\":1024,\"height\":768},{\"@type\":\"BreadcrumbList\",\"@id\":\"https:\\\/\\\/www.fermedupoitou.fr\\\/en\\\/portfolio\\\/qualif-and-our-holidaymakers\\\/#breadcrumb\",\"itemListElement\":[{\"@type\":\"ListItem\",\"position\":1,\"name\":\"Home\",\"item\":\"https:\\\/\\\/www.fermedupoitou.fr\\\/en\\\/amp\\\/\"},{\"@type\":\"ListItem\",\"position\":2,\"name\":\"Portfolio\",\"item\":\"https:\\\/\\\/www.fermedupoitou.fr\\\/en\\\/portfolio\\\/\"},{\"@type\":\"ListItem\",\"position\":3,\"name\":\"Qualif and our holidaymakers\"}]},{\"@type\":\"WebSite\",\"@id\":\"https:\\\/\\\/www.fermedupoitou.fr\\\/en\\\/#website\",\"url\":\"https:\\\/\\\/www.fermedupoitou.fr\\\/en\\\/\",\"name\":\"Ferme du Champ du Parc\",\"description\":\"Location de g\u00eete en Poitou-Charentes. Dans le village de Cr\u00e9zi\u00e8res, nous vous ferons visiter notre ferme poitevine (baudets du Poitou, ch\u00e8vres, poules de marans).\",\"publisher\":{\"@id\":\"https:\\\/\\\/www.fermedupoitou.fr\\\/en\\\/#organization\"},\"potentialAction\":[{\"@type\":\"SearchAction\",\"target\":{\"@type\":\"EntryPoint\",\"urlTemplate\":\"https:\\\/\\\/www.fermedupoitou.fr\\\/en\\\/?s={search_term_string}\"},\"query-input\":{\"@type\":\"PropertyValueSpecification\",\"valueRequired\":true,\"valueName\":\"search_term_string\"}}],\"inLanguage\":\"en-US\"},{\"@type\":\"Organization\",\"@id\":\"https:\\\/\\\/www.fermedupoitou.fr\\\/en\\\/#organization\",\"name\":\"La Ferme du Champ du Parc - Asinerie de Ouismes\",\"url\":\"https:\\\/\\\/www.fermedupoitou.fr\\\/en\\\/\",\"logo\":{\"@type\":\"ImageObject\",\"inLanguage\":\"en-US\",\"@id\":\"https:\\\/\\\/www.fermedupoitou.fr\\\/en\\\/#\\\/schema\\\/logo\\\/image\\\/\",\"url\":\"https:\\\/\\\/www.fermedupoitou.fr\\\/wp-content\\\/uploads\\\/2020\\\/04\\\/logo.png\",\"contentUrl\":\"https:\\\/\\\/www.fermedupoitou.fr\\\/wp-content\\\/uploads\\\/2020\\\/04\\\/logo.png\",\"width\":355,\"height\":416,\"caption\":\"La Ferme du Champ du Parc - Asinerie de Ouismes\"},\"image\":{\"@id\":\"https:\\\/\\\/www.fermedupoitou.fr\\\/en\\\/#\\\/schema\\\/logo\\\/image\\\/\"},\"sameAs\":[\"https:\\\/\\\/www.facebook.com\\\/fermeduchampduparc.asineriedeouismes\"]}]}<\/script>\n<!-- \/ Yoast SEO plugin. -->","yoast_head_json":{"title":"Qualif and our holidaymakers to Ferme du Champ du Parc at Cr\u00e9zi\u00e8res","description":", photo taken at Ferme du Champ du Parc - Farm cottage in Deux-S\u00e8vres in Cr\u00e9zi\u00e8res - Ch\u00e8vrerie - Asinerie de Ouismes","robots":{"index":"noindex","follow":"follow"},"twitter_card":"summary_large_image","twitter_title":"Qualif and our holidaymakers to Ferme du Champ du Parc at Cr\u00e9zi\u00e8res","twitter_description":", photo taken at Ferme du Champ du Parc - Farm cottage in Deux-S\u00e8vres in Cr\u00e9zi\u00e8res - Ch\u00e8vrerie - Asinerie de Ouismes","twitter_image":"https:\/\/www.fermedupoitou.fr\/wp-content\/uploads\/2020\/03\/13029692_486071428252404_6481285805436242297_o.jpg","schema":{"@context":"https:\/\/schema.org","@graph":[{"@type":"WebPage","@id":"https:\/\/www.fermedupoitou.fr\/en\/portfolio\/qualif-and-our-holidaymakers\/","url":"https:\/\/www.fermedupoitou.fr\/en\/portfolio\/qualif-and-our-holidaymakers\/","name":"Qualif and our holidaymakers to Ferme du Champ du Parc at Cr\u00e9zi\u00e8res","isPartOf":{"@id":"https:\/\/www.fermedupoitou.fr\/en\/#website"},"primaryImageOfPage":{"@id":"https:\/\/www.fermedupoitou.fr\/en\/portfolio\/qualif-and-our-holidaymakers\/#primaryimage"},"image":{"@id":"https:\/\/www.fermedupoitou.fr\/en\/portfolio\/qualif-and-our-holidaymakers\/#primaryimage"},"thumbnailUrl":"https:\/\/www.fermedupoitou.fr\/wp-content\/uploads\/2020\/03\/13029692_486071428252404_6481285805436242297_o.jpg","datePublished":"2020-04-21T10:41:51+00:00","description":", photo taken at Ferme du Champ du Parc - Farm cottage in Deux-S\u00e8vres in Cr\u00e9zi\u00e8res - Ch\u00e8vrerie - Asinerie de Ouismes","breadcrumb":{"@id":"https:\/\/www.fermedupoitou.fr\/en\/portfolio\/qualif-and-our-holidaymakers\/#breadcrumb"},"inLanguage":"en-US","potentialAction":[{"@type":"ReadAction","target":["https:\/\/www.fermedupoitou.fr\/en\/portfolio\/qualif-and-our-holidaymakers\/"]}]},{"@type":"ImageObject","inLanguage":"en-US","@id":"https:\/\/www.fermedupoitou.fr\/en\/portfolio\/qualif-and-our-holidaymakers\/#primaryimage","url":"https:\/\/www.fermedupoitou.fr\/wp-content\/uploads\/2020\/03\/13029692_486071428252404_6481285805436242297_o.jpg","contentUrl":"https:\/\/www.fermedupoitou.fr\/wp-content\/uploads\/2020\/03\/13029692_486071428252404_6481285805436242297_o.jpg","width":1024,"height":768},{"@type":"BreadcrumbList","@id":"https:\/\/www.fermedupoitou.fr\/en\/portfolio\/qualif-and-our-holidaymakers\/#breadcrumb","itemListElement":[{"@type":"ListItem","position":1,"name":"Home","item":"https:\/\/www.fermedupoitou.fr\/en\/amp\/"},{"@type":"ListItem","position":2,"name":"Portfolio","item":"https:\/\/www.fermedupoitou.fr\/en\/portfolio\/"},{"@type":"ListItem","position":3,"name":"Qualif and our holidaymakers"}]},{"@type":"WebSite","@id":"https:\/\/www.fermedupoitou.fr\/en\/#website","url":"https:\/\/www.fermedupoitou.fr\/en\/","name":"Ferme du Champ du Parc","description":"Location de g\u00eete en Poitou-Charentes. Dans le village de Cr\u00e9zi\u00e8res, nous vous ferons visiter notre ferme poitevine (baudets du Poitou, ch\u00e8vres, poules de marans).","publisher":{"@id":"https:\/\/www.fermedupoitou.fr\/en\/#organization"},"potentialAction":[{"@type":"SearchAction","target":{"@type":"EntryPoint","urlTemplate":"https:\/\/www.fermedupoitou.fr\/en\/?s={search_term_string}"},"query-input":{"@type":"PropertyValueSpecification","valueRequired":true,"valueName":"search_term_string"}}],"inLanguage":"en-US"},{"@type":"Organization","@id":"https:\/\/www.fermedupoitou.fr\/en\/#organization","name":"La Ferme du Champ du Parc - Asinerie de Ouismes","url":"https:\/\/www.fermedupoitou.fr\/en\/","logo":{"@type":"ImageObject","inLanguage":"en-US","@id":"https:\/\/www.fermedupoitou.fr\/en\/#\/schema\/logo\/image\/","url":"https:\/\/www.fermedupoitou.fr\/wp-content\/uploads\/2020\/04\/logo.png","contentUrl":"https:\/\/www.fermedupoitou.fr\/wp-content\/uploads\/2020\/04\/logo.png","width":355,"height":416,"caption":"La Ferme du Champ du Parc - Asinerie de Ouismes"},"image":{"@id":"https:\/\/www.fermedupoitou.fr\/en\/#\/schema\/logo\/image\/"},"sameAs":["https:\/\/www.facebook.com\/fermeduchampduparc.asineriedeouismes"]}]}},"_links":{"self":[{"href":"https:\/\/www.fermedupoitou.fr\/en\/wp-json\/wp\/v2\/portfolio\/1815","targetHints":{"allow":["GET"]}}],"collection":[{"href":"https:\/\/www.fermedupoitou.fr\/en\/wp-json\/wp\/v2\/portfolio"}],"about":[{"href":"https:\/\/www.fermedupoitou.fr\/en\/wp-json\/wp\/v2\/types\/portfolio"}],"author":[{"embeddable":true,"href":"https:\/\/www.fermedupoitou.fr\/en\/wp-json\/wp\/v2\/users\/1"}],"replies":[{"embeddable":true,"href":"https:\/\/www.fermedupoitou.fr\/en\/wp-json\/wp\/v2\/comments?post=1815"}],"version-history":[{"count":0,"href":"https:\/\/www.fermedupoitou.fr\/en\/wp-json\/wp\/v2\/portfolio\/1815\/revisions"}],"wp:featuredmedia":[{"embeddable":true,"href":"https:\/\/www.fermedupoitou.fr\/en\/wp-json\/wp\/v2\/media\/1575"}],"wp:attachment":[{"href":"https:\/\/www.fermedupoitou.fr\/en\/wp-json\/wp\/v2\/media?parent=1815"}],"wp:term":[{"taxonomy":"portfolio-category","embeddable":true,"href":"https:\/\/www.fermedupoitou.fr\/en\/wp-json\/wp\/v2\/portfolio-category?post=1815"}],"curies":[{"name":"wp","href":"https:\/\/api.w.org\/{rel}","templated":true}]}}

<!-- This site is optimized with the Yoast SEO plugin v27.4 - https://yoast.com/product/yoast-seo-wordpress/ -->
<title>Qualif and our holidaymakers to Ferme du Champ du Parc at Crézières</title>
<meta name="description" content=", photo taken at Ferme du Champ du Parc - Farm cottage in Deux-Sèvres in Crézières - Chèvrerie - Asinerie de Ouismes" />
<meta name="robots" content="noindex, follow" />
<meta name="twitter:card" content="summary_large_image" />
<meta name="twitter:title" content="Qualif and our holidaymakers to Ferme du Champ du Parc at Crézières" />
<meta name="twitter:description" content=", photo taken at Ferme du Champ du Parc - Farm cottage in Deux-Sèvres in Crézières - Chèvrerie - Asinerie de Ouismes" />
<meta name="twitter:image" content="https://www.fermedupoitou.fr/wp-content/uploads/2020/03/13029692_486071428252404_6481285805436242297_o.jpg" />
<script type="application/ld+json" class="yoast-schema-graph">{"@context":"https:\/\/schema.org","@graph":[{"@type":"WebPage","@id":"https:\/\/www.fermedupoitou.fr\/en\/portfolio\/qualif-and-our-holidaymakers\/","url":"https:\/\/www.fermedupoitou.fr\/en\/portfolio\/qualif-and-our-holidaymakers\/","name":"Qualif and our holidaymakers to Ferme du Champ du Parc at Crézières","isPartOf":{"@id":"https:\/\/www.fermedupoitou.fr\/en\/#website"},"primaryImageOfPage":{"@id":"https:\/\/www.fermedupoitou.fr\/en\/portfolio\/qualif-and-our-holidaymakers\/#primaryimage"},"image":{"@id":"https:\/\/www.fermedupoitou.fr\/en\/portfolio\/qualif-and-our-holidaymakers\/#primaryimage"},"thumbnailUrl":"https:\/\/www.fermedupoitou.fr\/wp-content\/uploads\/2020\/03\/13029692_486071428252404_6481285805436242297_o.jpg","datePublished":"2020-04-21T10:41:51+00:00","description":", photo taken at Ferme du Champ du Parc - Farm cottage in Deux-Sèvres in Crézières - Chèvrerie - Asinerie de Ouismes","breadcrumb":{"@id":"https:\/\/www.fermedupoitou.fr\/en\/portfolio\/qualif-and-our-holidaymakers\/#breadcrumb"},"inLanguage":"en-US","potentialAction":[{"@type":"ReadAction","target":["https:\/\/www.fermedupoitou.fr\/en\/portfolio\/qualif-and-our-holidaymakers\/"]}]},{"@type":"ImageObject","inLanguage":"en-US","@id":"https:\/\/www.fermedupoitou.fr\/en\/portfolio\/qualif-and-our-holidaymakers\/#primaryimage","url":"https:\/\/www.fermedupoitou.fr\/wp-content\/uploads\/2020\/03\/13029692_486071428252404_6481285805436242297_o.jpg","contentUrl":"https:\/\/www.fermedupoitou.fr\/wp-content\/uploads\/2020\/03\/13029692_486071428252404_6481285805436242297_o.jpg","width":1024,"height":768},{"@type":"BreadcrumbList","@id":"https:\/\/www.fermedupoitou.fr\/en\/portfolio\/qualif-and-our-holidaymakers\/#breadcrumb","itemListElement":[{"@type":"ListItem","position":1,"name":"Home","item":"https:\/\/www.fermedupoitou.fr\/en\/amp\/"},{"@type":"ListItem","position":2,"name":"Portfolio","item":"https:\/\/www.fermedupoitou.fr\/en\/portfolio\/"},{"@type":"ListItem","position":3,"name":"Qualif and our holidaymakers"}]},{"@type":"WebSite","@id":"https:\/\/www.fermedupoitou.fr\/en\/#website","url":"https:\/\/www.fermedupoitou.fr\/en\/","name":"Ferme du Champ du Parc","description":"Location de gîte en Poitou-Charentes. Dans le village de Crézières, nous vous ferons visiter notre ferme poitevine (baudets du Poitou, chèvres, poules de marans).","publisher":{"@id":"https:\/\/www.fermedupoitou.fr\/en\/#organization"},"potentialAction":[{"@type":"SearchAction","target":{"@type":"EntryPoint","urlTemplate":"https:\/\/www.fermedupoitou.fr\/en\/?s={search_term_string}"},"query-input":{"@type":"PropertyValueSpecification","valueRequired":true,"valueName":"search_term_string"}}],"inLanguage":"en-US"},{"@type":"Organization","@id":"https:\/\/www.fermedupoitou.fr\/en\/#organization","name":"La Ferme du Champ du Parc - Asinerie de Ouismes","url":"https:\/\/www.fermedupoitou.fr\/en\/","logo":{"@type":"ImageObject","inLanguage":"en-US","@id":"https:\/\/www.fermedupoitou.fr\/en\/#\/schema\/logo\/image\/","url":"https:\/\/www.fermedupoitou.fr\/wp-content\/uploads\/2020\/04\/logo.png","contentUrl":"https:\/\/www.fermedupoitou.fr\/wp-content\/uploads\/2020\/04\/logo.png","width":355,"height":416,"caption":"La Ferme du Champ du Parc - Asinerie de Ouismes"},"image":{"@id":"https:\/\/www.fermedupoitou.fr\/en\/#\/schema\/logo\/image\/"},"sameAs":["https:\/\/www.facebook.com\/fermeduchampduparc.asineriedeouismes"]}]}</script>
<!-- / Yoast SEO plugin. -->

Qualif and our holidaymakers to Ferme du Champ du Parc at Crézières

, photo taken at Ferme du Champ du Parc - Farm cottage in Deux-Sèvres in Crézières - Chèvrerie - Asinerie de Ouismes

Location de gîte en Poitou-Charentes. Dans le village de Crézières, nous vous ferons visiter notre ferme poitevine (baudets du Poitou, chèvres, poules de marans).
