{"id":1488,"date":"2020-04-19T16:30:50","date_gmt":"2020-04-19T14:30:50","guid":{"rendered":"https:\/\/www.fsdgth.com\/portfolio\/sunset\/"},"modified":"2020-04-19T16:39:29","modified_gmt":"2020-04-19T14:39:29","slug":"sunset","status":"publish","type":"portfolio","link":"https:\/\/www.fermedupoitou.fr\/en\/portfolio\/sunset\/","title":{"rendered":"Sunset"},"content":{"rendered":"<div class=\"gsp_post_data\" \r\n\t            data-post_type=\"portfolio\" \r\n\t            data-cat=\"\" \r\n\t            data-modified=\"120\"\r\n\t            data-created=\"1587313850\"\r\n\t            data-title=\"Sunset\" \r\n\t            data-home=\"https:\/\/www.fermedupoitou.fr\/en\/\"><\/div>","protected":false},"excerpt":{"rendered":"","protected":false},"author":1,"featured_media":1489,"comment_status":"closed","ping_status":"closed","template":"","portfolio-category":[26],"class_list":["post-1488","portfolio","type-portfolio","status-publish","has-post-thumbnail","hentry","portfolio-category-donkeys"],"yoast_head":"<!-- This site is optimized with the Yoast SEO plugin v27.4 - https:\/\/yoast.com\/product\/yoast-seo-wordpress\/ -->\n<title>Sunset to Ferme du Champ du Parc at Cr\u00e9zi\u00e8res<\/title>\n<meta name=\"description\" content=\"Photo gallery taken at Ferme du Champ du Parc - Farm g\u00eete in Deux-S\u00e8vres in Cr\u00e9zi\u00e8res - Ch\u00e8vrerie - Asinerie\" \/>\n<meta name=\"robots\" content=\"noindex, follow\" \/>\n<meta name=\"twitter:card\" content=\"summary_large_image\" \/>\n<meta name=\"twitter:title\" content=\"Sunset to Ferme du Champ du Parc at Cr\u00e9zi\u00e8res\" \/>\n<meta name=\"twitter:description\" content=\"Photo gallery taken at Ferme du Champ du Parc - Farm g\u00eete in Deux-S\u00e8vres in Cr\u00e9zi\u00e8res - Ch\u00e8vrerie - Asinerie\" \/>\n<meta name=\"twitter:image\" content=\"https:\/\/www.fermedupoitou.fr\/wp-content\/uploads\/2020\/03\/10258664_444112132448334_8010260844708032494_o.jpg\" \/>\n<script type=\"application\/ld+json\" class=\"yoast-schema-graph\">{\"@context\":\"https:\\\/\\\/schema.org\",\"@graph\":[{\"@type\":\"WebPage\",\"@id\":\"https:\\\/\\\/www.fermedupoitou.fr\\\/en\\\/portfolio\\\/sunset\\\/\",\"url\":\"https:\\\/\\\/www.fermedupoitou.fr\\\/en\\\/portfolio\\\/sunset\\\/\",\"name\":\"Sunset to Ferme du Champ du Parc at Cr\u00e9zi\u00e8res\",\"isPartOf\":{\"@id\":\"https:\\\/\\\/www.fermedupoitou.fr\\\/en\\\/#website\"},\"primaryImageOfPage\":{\"@id\":\"https:\\\/\\\/www.fermedupoitou.fr\\\/en\\\/portfolio\\\/sunset\\\/#primaryimage\"},\"image\":{\"@id\":\"https:\\\/\\\/www.fermedupoitou.fr\\\/en\\\/portfolio\\\/sunset\\\/#primaryimage\"},\"thumbnailUrl\":\"https:\\\/\\\/www.fermedupoitou.fr\\\/wp-content\\\/uploads\\\/2020\\\/03\\\/10258664_444112132448334_8010260844708032494_o.jpg\",\"datePublished\":\"2020-04-19T14:30:50+00:00\",\"dateModified\":\"2020-04-19T14:39:29+00:00\",\"description\":\"Photo gallery taken at Ferme du Champ du Parc - Farm g\u00eete in Deux-S\u00e8vres in Cr\u00e9zi\u00e8res - Ch\u00e8vrerie - Asinerie\",\"breadcrumb\":{\"@id\":\"https:\\\/\\\/www.fermedupoitou.fr\\\/en\\\/portfolio\\\/sunset\\\/#breadcrumb\"},\"inLanguage\":\"en-US\",\"potentialAction\":[{\"@type\":\"ReadAction\",\"target\":[\"https:\\\/\\\/www.fermedupoitou.fr\\\/en\\\/portfolio\\\/sunset\\\/\"]}]},{\"@type\":\"ImageObject\",\"inLanguage\":\"en-US\",\"@id\":\"https:\\\/\\\/www.fermedupoitou.fr\\\/en\\\/portfolio\\\/sunset\\\/#primaryimage\",\"url\":\"https:\\\/\\\/www.fermedupoitou.fr\\\/wp-content\\\/uploads\\\/2020\\\/03\\\/10258664_444112132448334_8010260844708032494_o.jpg\",\"contentUrl\":\"https:\\\/\\\/www.fermedupoitou.fr\\\/wp-content\\\/uploads\\\/2020\\\/03\\\/10258664_444112132448334_8010260844708032494_o.jpg\",\"width\":1024,\"height\":768,\"caption\":\"Sunset at Ferme du Champ du Parc\"},{\"@type\":\"BreadcrumbList\",\"@id\":\"https:\\\/\\\/www.fermedupoitou.fr\\\/en\\\/portfolio\\\/sunset\\\/#breadcrumb\",\"itemListElement\":[{\"@type\":\"ListItem\",\"position\":1,\"name\":\"Home\",\"item\":\"https:\\\/\\\/www.fermedupoitou.fr\\\/en\\\/amp\\\/\"},{\"@type\":\"ListItem\",\"position\":2,\"name\":\"Portfolio\",\"item\":\"https:\\\/\\\/www.fermedupoitou.fr\\\/en\\\/portfolio\\\/\"},{\"@type\":\"ListItem\",\"position\":3,\"name\":\"Sunset\"}]},{\"@type\":\"WebSite\",\"@id\":\"https:\\\/\\\/www.fermedupoitou.fr\\\/en\\\/#website\",\"url\":\"https:\\\/\\\/www.fermedupoitou.fr\\\/en\\\/\",\"name\":\"Ferme du Champ du Parc\",\"description\":\"Location de g\u00eete en Poitou-Charentes. Dans le village de Cr\u00e9zi\u00e8res, nous vous ferons visiter notre ferme poitevine (baudets du Poitou, ch\u00e8vres, poules de marans).\",\"publisher\":{\"@id\":\"https:\\\/\\\/www.fermedupoitou.fr\\\/en\\\/#organization\"},\"potentialAction\":[{\"@type\":\"SearchAction\",\"target\":{\"@type\":\"EntryPoint\",\"urlTemplate\":\"https:\\\/\\\/www.fermedupoitou.fr\\\/en\\\/?s={search_term_string}\"},\"query-input\":{\"@type\":\"PropertyValueSpecification\",\"valueRequired\":true,\"valueName\":\"search_term_string\"}}],\"inLanguage\":\"en-US\"},{\"@type\":\"Organization\",\"@id\":\"https:\\\/\\\/www.fermedupoitou.fr\\\/en\\\/#organization\",\"name\":\"La Ferme du Champ du Parc - Asinerie de Ouismes\",\"url\":\"https:\\\/\\\/www.fermedupoitou.fr\\\/en\\\/\",\"logo\":{\"@type\":\"ImageObject\",\"inLanguage\":\"en-US\",\"@id\":\"https:\\\/\\\/www.fermedupoitou.fr\\\/en\\\/#\\\/schema\\\/logo\\\/image\\\/\",\"url\":\"https:\\\/\\\/www.fermedupoitou.fr\\\/wp-content\\\/uploads\\\/2020\\\/04\\\/logo.png\",\"contentUrl\":\"https:\\\/\\\/www.fermedupoitou.fr\\\/wp-content\\\/uploads\\\/2020\\\/04\\\/logo.png\",\"width\":355,\"height\":416,\"caption\":\"La Ferme du Champ du Parc - Asinerie de Ouismes\"},\"image\":{\"@id\":\"https:\\\/\\\/www.fermedupoitou.fr\\\/en\\\/#\\\/schema\\\/logo\\\/image\\\/\"},\"sameAs\":[\"https:\\\/\\\/www.facebook.com\\\/fermeduchampduparc.asineriedeouismes\"]}]}<\/script>\n<!-- \/ Yoast SEO plugin. -->","yoast_head_json":{"title":"Sunset to Ferme du Champ du Parc at Cr\u00e9zi\u00e8res","description":"Photo gallery taken at Ferme du Champ du Parc - Farm g\u00eete in Deux-S\u00e8vres in Cr\u00e9zi\u00e8res - Ch\u00e8vrerie - Asinerie","robots":{"index":"noindex","follow":"follow"},"twitter_card":"summary_large_image","twitter_title":"Sunset to Ferme du Champ du Parc at Cr\u00e9zi\u00e8res","twitter_description":"Photo gallery taken at Ferme du Champ du Parc - Farm g\u00eete in Deux-S\u00e8vres in Cr\u00e9zi\u00e8res - Ch\u00e8vrerie - Asinerie","twitter_image":"https:\/\/www.fermedupoitou.fr\/wp-content\/uploads\/2020\/03\/10258664_444112132448334_8010260844708032494_o.jpg","schema":{"@context":"https:\/\/schema.org","@graph":[{"@type":"WebPage","@id":"https:\/\/www.fermedupoitou.fr\/en\/portfolio\/sunset\/","url":"https:\/\/www.fermedupoitou.fr\/en\/portfolio\/sunset\/","name":"Sunset to Ferme du Champ du Parc at Cr\u00e9zi\u00e8res","isPartOf":{"@id":"https:\/\/www.fermedupoitou.fr\/en\/#website"},"primaryImageOfPage":{"@id":"https:\/\/www.fermedupoitou.fr\/en\/portfolio\/sunset\/#primaryimage"},"image":{"@id":"https:\/\/www.fermedupoitou.fr\/en\/portfolio\/sunset\/#primaryimage"},"thumbnailUrl":"https:\/\/www.fermedupoitou.fr\/wp-content\/uploads\/2020\/03\/10258664_444112132448334_8010260844708032494_o.jpg","datePublished":"2020-04-19T14:30:50+00:00","dateModified":"2020-04-19T14:39:29+00:00","description":"Photo gallery taken at Ferme du Champ du Parc - Farm g\u00eete in Deux-S\u00e8vres in Cr\u00e9zi\u00e8res - Ch\u00e8vrerie - Asinerie","breadcrumb":{"@id":"https:\/\/www.fermedupoitou.fr\/en\/portfolio\/sunset\/#breadcrumb"},"inLanguage":"en-US","potentialAction":[{"@type":"ReadAction","target":["https:\/\/www.fermedupoitou.fr\/en\/portfolio\/sunset\/"]}]},{"@type":"ImageObject","inLanguage":"en-US","@id":"https:\/\/www.fermedupoitou.fr\/en\/portfolio\/sunset\/#primaryimage","url":"https:\/\/www.fermedupoitou.fr\/wp-content\/uploads\/2020\/03\/10258664_444112132448334_8010260844708032494_o.jpg","contentUrl":"https:\/\/www.fermedupoitou.fr\/wp-content\/uploads\/2020\/03\/10258664_444112132448334_8010260844708032494_o.jpg","width":1024,"height":768,"caption":"Sunset at Ferme du Champ du Parc"},{"@type":"BreadcrumbList","@id":"https:\/\/www.fermedupoitou.fr\/en\/portfolio\/sunset\/#breadcrumb","itemListElement":[{"@type":"ListItem","position":1,"name":"Home","item":"https:\/\/www.fermedupoitou.fr\/en\/amp\/"},{"@type":"ListItem","position":2,"name":"Portfolio","item":"https:\/\/www.fermedupoitou.fr\/en\/portfolio\/"},{"@type":"ListItem","position":3,"name":"Sunset"}]},{"@type":"WebSite","@id":"https:\/\/www.fermedupoitou.fr\/en\/#website","url":"https:\/\/www.fermedupoitou.fr\/en\/","name":"Ferme du Champ du Parc","description":"Location de g\u00eete en Poitou-Charentes. Dans le village de Cr\u00e9zi\u00e8res, nous vous ferons visiter notre ferme poitevine (baudets du Poitou, ch\u00e8vres, poules de marans).","publisher":{"@id":"https:\/\/www.fermedupoitou.fr\/en\/#organization"},"potentialAction":[{"@type":"SearchAction","target":{"@type":"EntryPoint","urlTemplate":"https:\/\/www.fermedupoitou.fr\/en\/?s={search_term_string}"},"query-input":{"@type":"PropertyValueSpecification","valueRequired":true,"valueName":"search_term_string"}}],"inLanguage":"en-US"},{"@type":"Organization","@id":"https:\/\/www.fermedupoitou.fr\/en\/#organization","name":"La Ferme du Champ du Parc - Asinerie de Ouismes","url":"https:\/\/www.fermedupoitou.fr\/en\/","logo":{"@type":"ImageObject","inLanguage":"en-US","@id":"https:\/\/www.fermedupoitou.fr\/en\/#\/schema\/logo\/image\/","url":"https:\/\/www.fermedupoitou.fr\/wp-content\/uploads\/2020\/04\/logo.png","contentUrl":"https:\/\/www.fermedupoitou.fr\/wp-content\/uploads\/2020\/04\/logo.png","width":355,"height":416,"caption":"La Ferme du Champ du Parc - Asinerie de Ouismes"},"image":{"@id":"https:\/\/www.fermedupoitou.fr\/en\/#\/schema\/logo\/image\/"},"sameAs":["https:\/\/www.facebook.com\/fermeduchampduparc.asineriedeouismes"]}]}},"_links":{"self":[{"href":"https:\/\/www.fermedupoitou.fr\/en\/wp-json\/wp\/v2\/portfolio\/1488","targetHints":{"allow":["GET"]}}],"collection":[{"href":"https:\/\/www.fermedupoitou.fr\/en\/wp-json\/wp\/v2\/portfolio"}],"about":[{"href":"https:\/\/www.fermedupoitou.fr\/en\/wp-json\/wp\/v2\/types\/portfolio"}],"author":[{"embeddable":true,"href":"https:\/\/www.fermedupoitou.fr\/en\/wp-json\/wp\/v2\/users\/1"}],"replies":[{"embeddable":true,"href":"https:\/\/www.fermedupoitou.fr\/en\/wp-json\/wp\/v2\/comments?post=1488"}],"version-history":[{"count":1,"href":"https:\/\/www.fermedupoitou.fr\/en\/wp-json\/wp\/v2\/portfolio\/1488\/revisions"}],"predecessor-version":[{"id":1491,"href":"https:\/\/www.fermedupoitou.fr\/en\/wp-json\/wp\/v2\/portfolio\/1488\/revisions\/1491"}],"wp:featuredmedia":[{"embeddable":true,"href":"https:\/\/www.fermedupoitou.fr\/en\/wp-json\/wp\/v2\/media\/1489"}],"wp:attachment":[{"href":"https:\/\/www.fermedupoitou.fr\/en\/wp-json\/wp\/v2\/media?parent=1488"}],"wp:term":[{"taxonomy":"portfolio-category","embeddable":true,"href":"https:\/\/www.fermedupoitou.fr\/en\/wp-json\/wp\/v2\/portfolio-category?post=1488"}],"curies":[{"name":"wp","href":"https:\/\/api.w.org\/{rel}","templated":true}]}}

<!-- This site is optimized with the Yoast SEO plugin v27.4 - https://yoast.com/product/yoast-seo-wordpress/ -->
<title>Sunset to Ferme du Champ du Parc at Crézières</title>
<meta name="description" content="Photo gallery taken at Ferme du Champ du Parc - Farm gîte in Deux-Sèvres in Crézières - Chèvrerie - Asinerie" />
<meta name="robots" content="noindex, follow" />
<meta name="twitter:card" content="summary_large_image" />
<meta name="twitter:title" content="Sunset to Ferme du Champ du Parc at Crézières" />
<meta name="twitter:description" content="Photo gallery taken at Ferme du Champ du Parc - Farm gîte in Deux-Sèvres in Crézières - Chèvrerie - Asinerie" />
<meta name="twitter:image" content="https://www.fermedupoitou.fr/wp-content/uploads/2020/03/10258664_444112132448334_8010260844708032494_o.jpg" />
<script type="application/ld+json" class="yoast-schema-graph">{"@context":"https:\/\/schema.org","@graph":[{"@type":"WebPage","@id":"https:\/\/www.fermedupoitou.fr\/en\/portfolio\/sunset\/","url":"https:\/\/www.fermedupoitou.fr\/en\/portfolio\/sunset\/","name":"Sunset to Ferme du Champ du Parc at Crézières","isPartOf":{"@id":"https:\/\/www.fermedupoitou.fr\/en\/#website"},"primaryImageOfPage":{"@id":"https:\/\/www.fermedupoitou.fr\/en\/portfolio\/sunset\/#primaryimage"},"image":{"@id":"https:\/\/www.fermedupoitou.fr\/en\/portfolio\/sunset\/#primaryimage"},"thumbnailUrl":"https:\/\/www.fermedupoitou.fr\/wp-content\/uploads\/2020\/03\/10258664_444112132448334_8010260844708032494_o.jpg","datePublished":"2020-04-19T14:30:50+00:00","dateModified":"2020-04-19T14:39:29+00:00","description":"Photo gallery taken at Ferme du Champ du Parc - Farm gîte in Deux-Sèvres in Crézières - Chèvrerie - Asinerie","breadcrumb":{"@id":"https:\/\/www.fermedupoitou.fr\/en\/portfolio\/sunset\/#breadcrumb"},"inLanguage":"en-US","potentialAction":[{"@type":"ReadAction","target":["https:\/\/www.fermedupoitou.fr\/en\/portfolio\/sunset\/"]}]},{"@type":"ImageObject","inLanguage":"en-US","@id":"https:\/\/www.fermedupoitou.fr\/en\/portfolio\/sunset\/#primaryimage","url":"https:\/\/www.fermedupoitou.fr\/wp-content\/uploads\/2020\/03\/10258664_444112132448334_8010260844708032494_o.jpg","contentUrl":"https:\/\/www.fermedupoitou.fr\/wp-content\/uploads\/2020\/03\/10258664_444112132448334_8010260844708032494_o.jpg","width":1024,"height":768,"caption":"Sunset at Ferme du Champ du Parc"},{"@type":"BreadcrumbList","@id":"https:\/\/www.fermedupoitou.fr\/en\/portfolio\/sunset\/#breadcrumb","itemListElement":[{"@type":"ListItem","position":1,"name":"Home","item":"https:\/\/www.fermedupoitou.fr\/en\/amp\/"},{"@type":"ListItem","position":2,"name":"Portfolio","item":"https:\/\/www.fermedupoitou.fr\/en\/portfolio\/"},{"@type":"ListItem","position":3,"name":"Sunset"}]},{"@type":"WebSite","@id":"https:\/\/www.fermedupoitou.fr\/en\/#website","url":"https:\/\/www.fermedupoitou.fr\/en\/","name":"Ferme du Champ du Parc","description":"Location de gîte en Poitou-Charentes. Dans le village de Crézières, nous vous ferons visiter notre ferme poitevine (baudets du Poitou, chèvres, poules de marans).","publisher":{"@id":"https:\/\/www.fermedupoitou.fr\/en\/#organization"},"potentialAction":[{"@type":"SearchAction","target":{"@type":"EntryPoint","urlTemplate":"https:\/\/www.fermedupoitou.fr\/en\/?s={search_term_string}"},"query-input":{"@type":"PropertyValueSpecification","valueRequired":true,"valueName":"search_term_string"}}],"inLanguage":"en-US"},{"@type":"Organization","@id":"https:\/\/www.fermedupoitou.fr\/en\/#organization","name":"La Ferme du Champ du Parc - Asinerie de Ouismes","url":"https:\/\/www.fermedupoitou.fr\/en\/","logo":{"@type":"ImageObject","inLanguage":"en-US","@id":"https:\/\/www.fermedupoitou.fr\/en\/#\/schema\/logo\/image\/","url":"https:\/\/www.fermedupoitou.fr\/wp-content\/uploads\/2020\/04\/logo.png","contentUrl":"https:\/\/www.fermedupoitou.fr\/wp-content\/uploads\/2020\/04\/logo.png","width":355,"height":416,"caption":"La Ferme du Champ du Parc - Asinerie de Ouismes"},"image":{"@id":"https:\/\/www.fermedupoitou.fr\/en\/#\/schema\/logo\/image\/"},"sameAs":["https:\/\/www.facebook.com\/fermeduchampduparc.asineriedeouismes"]}]}</script>
<!-- / Yoast SEO plugin. -->

Sunset to Ferme du Champ du Parc at Crézières

Photo gallery taken at Ferme du Champ du Parc - Farm gîte in Deux-Sèvres in Crézières - Chèvrerie - Asinerie

Location de gîte en Poitou-Charentes. Dans le village de Crézières, nous vous ferons visiter notre ferme poitevine (baudets du Poitou, chèvres, poules de marans).
